{"id":270,"date":"2017-04-07T19:39:58","date_gmt":"2017-04-07T19:39:58","guid":{"rendered":"https:\/\/joaquinlois.com\/proyectoclarin\/?page_id=270\/"},"modified":"2022-06-02T12:43:45","modified_gmt":"2022-06-02T12:43:45","slug":"el-estilo","status":"publish","type":"page","link":"https:\/\/joaquinlois.com\/proyectoclarin\/el-estilo\/","title":{"rendered":"El est\u00edlo"},"content":{"rendered":"<div id=\"introduccion2 \" class=\"row\">\n<div id=\" destacados\" class=\"col-md-4 destacados\">\n<p>Desde hace d\u00e9cadas la r\u00e9plica de instrumentos hist\u00f3ricos, viene siendo una herramienta fundamental para el estudio, la investigaci\u00f3n y la interpretaci\u00f3n de la m\u00fasica antigua.<\/p>\n<\/div>\n<div id=\"destacados\" class=\"col-md-4 destacados\">\n<p>Desde nuestra experiencia y convivencia con los \u00f3rganos barrocos castellanos queremos presentar un modelo de instrumento rigurosamente fiel al estilo de los que construyeron nuestros antepasados en los pueblos de Castilla, y a la vez accesible por sus dimensiones y caracter\u00edsticas.<\/p>\n<\/div>\n<div id=\" destacados\" class=\"col-md-4 destacados\">\n<p>Desde nuestro taller de Tordesillas hemos impulsado el proyecto Clar\u00edn destinado a ofrecer un instrumento adecuado a aquellos \u00e1mbitos de interpretaci\u00f3n del repertorio organ\u00edstico espa\u00f1ol, donde no se dispone de instrumentos de este estilo.<\/p>\n<\/div>\n<\/div>\n<hr>\n<h2>El Estilo<\/h2>\n<p>En el coraz\u00f3n de Castilla se consolida en el siglo XVIII un estilo de \u00f3rgano que responde a los anhelos de los organistas del siglo precedente y a los avances t\u00e9cnicos, que empatizan con los gustos de la \u00e9poca y conservar\u00eda sus rasgos principales hasta&nbsp; muy avanzado el siglo XIX.<\/p>\n<div class=\"row\">\n<div class=\"col-sm-8\">\n<p>Las familias de artesanos asientan y perfeccionan su propio estilo dentro de unas caracter\u00edsticas comunes en los \u00f3rganos de su tiempo: <strong>e<span class=\"negrita\">l teclado partido y leng\u00fceter\u00eda de fachada<\/span><\/strong>, conjugando desde los peque\u00f1os pueblos castellanos un perfil que se extendi\u00f3&nbsp; durante el siglo XVIII por toda la geograf\u00eda de influencia de la Corona de Castilla, y cuyo rasgo m\u00e1s peculiar, la leng\u00fceter\u00eda de fachada, es hoy universal.<\/p>\n<\/div>\n<div class=\"col-sm-4\">\n<p><img decoding=\"async\" src=\"https:\/\/joaquinlois.com\/proyectoclarin\/wp-content\/uploads\/sites\/4\/2022\/06\/foto_etiquetaregistros2.jpg\" alt=\"Clar\u00edn\" width=\"100%\" height=\"auto\"><\/p>\n<div class=\"piedefoto\">Registros del \u00d3rgano de la Catedral de Salamanca<\/div>\n<\/div>\n<\/div>\n<p>Una de estas familias de organeros castellanos es la de los Ortega que trabajaron durante todo el siglo VXIII y se prolong\u00f3 su dinast\u00eda hasta mitad del siglo XIX.<\/p>\n<p>P\u00e9rez Molero, Francisco Ortega, <a>Juan de In\u00e9s y Ortega<\/a>, Leandro Garcimart\u00edn de In\u00e9s.<\/p>\n<p>Para nuestro taller ubicado en Tordesillas e inmerso en la restauraci\u00f3n de \u00f3rganos hist\u00f3ricos tanto en Castilla como en otros \u00e1mbitos geogr\u00e1ficos, los rasgos que caracterizan a estos \u00f3rganos castellanos no se reducen a su estructura o nomenclatura de sus registros, sino que son las t\u00e9cnicas, materiales, dimensiones de sus elementos mec\u00e1nicos, geometr\u00eda de los tubos, t\u00e9cnicas de construcci\u00f3n de los mismos , forma del viento, est\u00e9tica de sus muebles y sobre todo el sabor inconfundible de sus voces que nos permite escuchar un tiento de Correa de Arauxo en su dimensi\u00f3n m\u00e1s apropiada.<\/p>\n<p>El peque\u00f1o \u00f3rgano de la iglesia parroquial de Marug\u00e1n fue construido por Juan de In\u00e9s y Ortega, en su pueblo y para su pueblo y hecho de <span class=\"cursiva\">\u201climosnas de los vecinos\u201d<\/span>.<\/p>\n<p>Se puede decir que es un \u00f3rgano propio de la austeridad del terreno y del momento hist\u00f3rico pero tiene todos los ingredientes que debe de tener un \u00f3rgano en su estilo.<\/p>\n<p>La s\u00f3lida hechura heredada de sus antecesores y la paleta de colores disponibles para el organista es una s\u00edntesis del \u00f3rgano castellano en las dimensiones m\u00e1s reducidas posibles.<\/p>\n<p>Por estas razones, junto a otras de \u00edndole personal, se ha escogido este \u00f3rgano como modelo para la primera muestra a presentar en este proyecto, por su concepto b\u00e1sico pero completo&nbsp; para el estudio y la interpretaci\u00f3n de la m\u00fasica espa\u00f1ola para \u00f3rgano y la recreaci\u00f3n de su atm\u00f3sfera.<\/p>\n<p>Quiz\u00e1s no podamos reproducir las ac\u00fasticas misteriosas de algunas iglesias castellanas ni el propio duende de estos \u00f3rganos, pero impregnados de su esp\u00edritu procuramos honestamente expresarlo con calidad y calidez: rigor t\u00e9cnico y sensibilidad.<\/p>\n<p><strong class=\"negrita\">El Proyecto Clar\u00edn<\/strong> es una propuesta de nuestro taller para posibilitar un instrumento adecuado al estudio y la interpretaci\u00f3n de la m\u00fasica ib\u00e9rica para \u00f3rgano en aquellos \u00e1mbitos donde se desarrolla esta disciplina y no se dispone de instrumentos de su estilo, confiando en que sus caracter\u00edsticas, sus dimensiones y su coste y condiciones sean las mejores para el fin que se ha ideado.<\/p>\n<div id=\"foto_secreto\">\n<p><img decoding=\"async\" src=\"https:\/\/joaquinlois.com\/proyectoclarin\/wp-content\/uploads\/sites\/4\/2022\/06\/foto-correa.jpg\" alt=\"Correa de Arauxo\" width=\"100%\" height=\"auto\"><\/p>\n<div class=\"piedefoto\">Facultad Org\u00e1nica, Francisco Correa de Arauxo, 1626.)<\/div>\n<\/div>\n<p>Tordesillas septiembre de 2010.<\/p>\n","protected":false},"excerpt":{"rendered":"<p>Desde hace d\u00e9cadas la r\u00e9plica de instrumentos hist\u00f3ricos, viene siendo una herramienta fundamental para el estudio, la investigaci\u00f3n y la interpretaci\u00f3n de la m\u00fasica antigua. Desde nuestra experiencia y convivencia con los \u00f3rganos barrocos castellanos queremos presentar un modelo de instrumento rigurosamente fiel al estilo de los que construyeron nuestros antepasados en los pueblos de [&hellip;]<\/p>\n","protected":false},"author":1,"featured_media":0,"parent":0,"menu_order":0,"comment_status":"closed","ping_status":"closed","template":"page-proyecto-clarin.php","meta":{"_acf_changed":false,"footnotes":""},"class_list":["post-270","page","type-page","status-publish","hentry"],"acf":[],"yoast_head":"<!-- This site is optimized with the Yoast SEO plugin v27.3 - https:\/\/yoast.com\/product\/yoast-seo-wordpress\/ -->\n<title>El est\u00edlo - Proyecto Clar\u00edn<\/title>\n<meta name=\"robots\" content=\"noindex, follow, max-snippet:-1, max-image-preview:large, max-video-preview:-1\" \/>\n<meta property=\"og:locale\" content=\"es_ES\" \/>\n<meta property=\"og:type\" content=\"article\" \/>\n<meta property=\"og:title\" content=\"El est\u00edlo - Proyecto Clar\u00edn\" \/>\n<meta property=\"og:description\" content=\"Desde hace d\u00e9cadas la r\u00e9plica de instrumentos hist\u00f3ricos, viene siendo una herramienta fundamental para el estudio, la investigaci\u00f3n y la interpretaci\u00f3n de la m\u00fasica antigua. Desde nuestra experiencia y convivencia con los \u00f3rganos barrocos castellanos queremos presentar un modelo de instrumento rigurosamente fiel al estilo de los que construyeron nuestros antepasados en los pueblos de [&hellip;]\" \/>\n<meta property=\"og:url\" content=\"https:\/\/joaquinlois.com\/proyectoclarin\/el-estilo\/\" \/>\n<meta property=\"og:site_name\" content=\"Proyecto Clar\u00edn\" \/>\n<meta property=\"article:modified_time\" content=\"2022-06-02T12:43:45+00:00\" \/>\n<meta property=\"og:image\" content=\"https:\/\/joaquinlois.com\/proyectoclarin\/wp-content\/uploads\/sites\/4\/2022\/06\/foto_etiquetaregistros2.jpg\" \/>\n<meta name=\"twitter:card\" content=\"summary_large_image\" \/>\n<meta name=\"twitter:label1\" content=\"Tiempo de lectura\" \/>\n\t<meta name=\"twitter:data1\" content=\"4 minutos\" \/>\n<script type=\"application\/ld+json\" class=\"yoast-schema-graph\">{\"@context\":\"https:\\\/\\\/schema.org\",\"@graph\":[{\"@type\":\"WebPage\",\"@id\":\"https:\\\/\\\/joaquinlois.com\\\/proyectoclarin\\\/el-estilo\\\/\",\"url\":\"https:\\\/\\\/joaquinlois.com\\\/proyectoclarin\\\/el-estilo\\\/\",\"name\":\"El est\u00edlo - Proyecto Clar\u00edn\",\"isPartOf\":{\"@id\":\"https:\\\/\\\/joaquinlois.com\\\/proyectoclarin\\\/#website\"},\"primaryImageOfPage\":{\"@id\":\"https:\\\/\\\/joaquinlois.com\\\/proyectoclarin\\\/el-estilo\\\/#primaryimage\"},\"image\":{\"@id\":\"https:\\\/\\\/joaquinlois.com\\\/proyectoclarin\\\/el-estilo\\\/#primaryimage\"},\"thumbnailUrl\":\"https:\\\/\\\/joaquinlois.com\\\/proyectoclarin\\\/wp-content\\\/uploads\\\/sites\\\/4\\\/2022\\\/06\\\/foto_etiquetaregistros2.jpg\",\"datePublished\":\"2017-04-07T19:39:58+00:00\",\"dateModified\":\"2022-06-02T12:43:45+00:00\",\"inLanguage\":\"es\",\"potentialAction\":[{\"@type\":\"ReadAction\",\"target\":[\"https:\\\/\\\/joaquinlois.com\\\/proyectoclarin\\\/el-estilo\\\/\"]}]},{\"@type\":\"ImageObject\",\"inLanguage\":\"es\",\"@id\":\"https:\\\/\\\/joaquinlois.com\\\/proyectoclarin\\\/el-estilo\\\/#primaryimage\",\"url\":\"https:\\\/\\\/joaquinlois.com\\\/proyectoclarin\\\/wp-content\\\/uploads\\\/sites\\\/4\\\/2022\\\/06\\\/foto_etiquetaregistros2.jpg\",\"contentUrl\":\"https:\\\/\\\/joaquinlois.com\\\/proyectoclarin\\\/wp-content\\\/uploads\\\/sites\\\/4\\\/2022\\\/06\\\/foto_etiquetaregistros2.jpg\",\"width\":300,\"height\":256},{\"@type\":\"WebSite\",\"@id\":\"https:\\\/\\\/joaquinlois.com\\\/proyectoclarin\\\/#website\",\"url\":\"https:\\\/\\\/joaquinlois.com\\\/proyectoclarin\\\/\",\"name\":\"Proyecto Clar\u00edn\",\"description\":\"Un \u00d3rgano Barroco Castellano\",\"potentialAction\":[{\"@type\":\"SearchAction\",\"target\":{\"@type\":\"EntryPoint\",\"urlTemplate\":\"https:\\\/\\\/joaquinlois.com\\\/proyectoclarin\\\/?s={search_term_string}\"},\"query-input\":{\"@type\":\"PropertyValueSpecification\",\"valueRequired\":true,\"valueName\":\"search_term_string\"}}],\"inLanguage\":\"es\"}]}<\/script>\n<!-- \/ Yoast SEO plugin. -->","yoast_head_json":{"title":"El est\u00edlo - Proyecto Clar\u00edn","robots":{"index":"noindex","follow":"follow","max-snippet":"max-snippet:-1","max-image-preview":"max-image-preview:large","max-video-preview":"max-video-preview:-1"},"og_locale":"es_ES","og_type":"article","og_title":"El est\u00edlo - Proyecto Clar\u00edn","og_description":"Desde hace d\u00e9cadas la r\u00e9plica de instrumentos hist\u00f3ricos, viene siendo una herramienta fundamental para el estudio, la investigaci\u00f3n y la interpretaci\u00f3n de la m\u00fasica antigua. Desde nuestra experiencia y convivencia con los \u00f3rganos barrocos castellanos queremos presentar un modelo de instrumento rigurosamente fiel al estilo de los que construyeron nuestros antepasados en los pueblos de [&hellip;]","og_url":"https:\/\/joaquinlois.com\/proyectoclarin\/el-estilo\/","og_site_name":"Proyecto Clar\u00edn","article_modified_time":"2022-06-02T12:43:45+00:00","og_image":[{"url":"https:\/\/joaquinlois.com\/proyectoclarin\/wp-content\/uploads\/sites\/4\/2022\/06\/foto_etiquetaregistros2.jpg","type":"","width":"","height":""}],"twitter_card":"summary_large_image","twitter_misc":{"Tiempo de lectura":"4 minutos"},"schema":{"@context":"https:\/\/schema.org","@graph":[{"@type":"WebPage","@id":"https:\/\/joaquinlois.com\/proyectoclarin\/el-estilo\/","url":"https:\/\/joaquinlois.com\/proyectoclarin\/el-estilo\/","name":"El est\u00edlo - Proyecto Clar\u00edn","isPartOf":{"@id":"https:\/\/joaquinlois.com\/proyectoclarin\/#website"},"primaryImageOfPage":{"@id":"https:\/\/joaquinlois.com\/proyectoclarin\/el-estilo\/#primaryimage"},"image":{"@id":"https:\/\/joaquinlois.com\/proyectoclarin\/el-estilo\/#primaryimage"},"thumbnailUrl":"https:\/\/joaquinlois.com\/proyectoclarin\/wp-content\/uploads\/sites\/4\/2022\/06\/foto_etiquetaregistros2.jpg","datePublished":"2017-04-07T19:39:58+00:00","dateModified":"2022-06-02T12:43:45+00:00","inLanguage":"es","potentialAction":[{"@type":"ReadAction","target":["https:\/\/joaquinlois.com\/proyectoclarin\/el-estilo\/"]}]},{"@type":"ImageObject","inLanguage":"es","@id":"https:\/\/joaquinlois.com\/proyectoclarin\/el-estilo\/#primaryimage","url":"https:\/\/joaquinlois.com\/proyectoclarin\/wp-content\/uploads\/sites\/4\/2022\/06\/foto_etiquetaregistros2.jpg","contentUrl":"https:\/\/joaquinlois.com\/proyectoclarin\/wp-content\/uploads\/sites\/4\/2022\/06\/foto_etiquetaregistros2.jpg","width":300,"height":256},{"@type":"WebSite","@id":"https:\/\/joaquinlois.com\/proyectoclarin\/#website","url":"https:\/\/joaquinlois.com\/proyectoclarin\/","name":"Proyecto Clar\u00edn","description":"Un \u00d3rgano Barroco Castellano","potentialAction":[{"@type":"SearchAction","target":{"@type":"EntryPoint","urlTemplate":"https:\/\/joaquinlois.com\/proyectoclarin\/?s={search_term_string}"},"query-input":{"@type":"PropertyValueSpecification","valueRequired":true,"valueName":"search_term_string"}}],"inLanguage":"es"}]}},"_links":{"self":[{"href":"https:\/\/joaquinlois.com\/proyectoclarin\/wp-json\/wp\/v2\/pages\/270","targetHints":{"allow":["GET"]}}],"collection":[{"href":"https:\/\/joaquinlois.com\/proyectoclarin\/wp-json\/wp\/v2\/pages"}],"about":[{"href":"https:\/\/joaquinlois.com\/proyectoclarin\/wp-json\/wp\/v2\/types\/page"}],"author":[{"embeddable":true,"href":"https:\/\/joaquinlois.com\/proyectoclarin\/wp-json\/wp\/v2\/users\/1"}],"replies":[{"embeddable":true,"href":"https:\/\/joaquinlois.com\/proyectoclarin\/wp-json\/wp\/v2\/comments?post=270"}],"version-history":[{"count":1,"href":"https:\/\/joaquinlois.com\/proyectoclarin\/wp-json\/wp\/v2\/pages\/270\/revisions"}],"predecessor-version":[{"id":1110,"href":"https:\/\/joaquinlois.com\/proyectoclarin\/wp-json\/wp\/v2\/pages\/270\/revisions\/1110"}],"wp:attachment":[{"href":"https:\/\/joaquinlois.com\/proyectoclarin\/wp-json\/wp\/v2\/media?parent=270"}],"curies":[{"name":"wp","href":"https:\/\/api.w.org\/{rel}","templated":true}]}}

El estílo

<div id="introduccion2 " class="row">
<div id=" destacados" class="col-md-4 destacados">
<p>Desde hace décadas la réplica de instrumentos históricos, viene siendo una herramienta fundamental para el estudio, la investigación y la interpretación de la música antigua.</p>
</div>
<div id="destacados" class="col-md-4 destacados">
<p>Desde nuestra experiencia y convivencia con los órganos barrocos castellanos queremos presentar un modelo de instrumento rigurosamente fiel al estilo de los que construyeron nuestros antepasados en los pueblos de Castilla, y a la vez accesible por sus dimensiones y características.</p>
</div>
<div id=" destacados" class="col-md-4 destacados">
<p>Desde nuestro taller de Tordesillas hemos impulsado el proyecto Clarín destinado a ofrecer un instrumento adecuado a aquellos ámbitos de interpretación del repertorio organístico español, donde no se dispone de instrumentos de este estilo.</p>
</div>
</div>
<hr>
<h2>El Estilo</h2>
<p>En el corazón de Castilla se consolida en el siglo XVIII un estilo de órgano que responde a los anhelos de los organistas del siglo precedente y a los avances técnicos, que empatizan con los gustos de la época y conservaría sus rasgos principales hasta&nbsp; muy avanzado el siglo XIX.</p>
<div class="row">
<div class="col-sm-8">
<p>Las familias de artesanos asientan y perfeccionan su propio estilo dentro de unas características comunes en los órganos de su tiempo: <strong>e<span class="negrita">l teclado partido y lengüetería de fachada</span></strong>, conjugando desde los pequeños pueblos castellanos un perfil que se extendió&nbsp; durante el siglo XVIII por toda la geografía de influencia de la Corona de Castilla, y cuyo rasgo más peculiar, la lengüetería de fachada, es hoy universal.</p>
</div>
<div class="col-sm-4">
<p><img decoding="async" src="https://joaquinlois.com/proyectoclarin/wp-content/uploads/sites/4/2022/06/foto_etiquetaregistros2.jpg" alt="Clarín" width="100%" height="auto"></p>
<div class="piedefoto">Registros del Órgano de la Catedral de Salamanca</div>
</div>
</div>
<p>Una de estas familias de organeros castellanos es la de los Ortega que trabajaron durante todo el siglo VXIII y se prolongó su dinastía hasta mitad del siglo XIX.</p>
<p>Pérez Molero, Francisco Ortega, <a>Juan de Inés y Ortega</a>, Leandro Garcimartín de Inés.</p>
<p>Para nuestro taller ubicado en Tordesillas e inmerso en la restauración de órganos históricos tanto en Castilla como en otros ámbitos geográficos, los rasgos que caracterizan a estos órganos castellanos no se reducen a su estructura o nomenclatura de sus registros, sino que son las técnicas, materiales, dimensiones de sus elementos mecánicos, geometría de los tubos, técnicas de construcción de los mismos , forma del viento, estética de sus muebles y sobre todo el sabor inconfundible de sus voces que nos permite escuchar un tiento de Correa de Arauxo en su dimensión más apropiada.</p>
<p>El pequeño órgano de la iglesia parroquial de Marugán fue construido por Juan de Inés y Ortega, en su pueblo y para su pueblo y hecho de <span class="cursiva">“limosnas de los vecinos”</span>.</p>
<p>Se puede decir que es un órgano propio de la austeridad del terreno y del momento histórico pero tiene todos los ingredientes que debe de tener un órgano en su estilo.</p>
<p>La sólida hechura heredada de sus antecesores y la paleta de colores disponibles para el organista es una síntesis del órgano castellano en las dimensiones más reducidas posibles.</p>
<p>Por estas razones, junto a otras de índole personal, se ha escogido este órgano como modelo para la primera muestra a presentar en este proyecto, por su concepto básico pero completo&nbsp; para el estudio y la interpretación de la música española para órgano y la recreación de su atmósfera.</p>
<p>Quizás no podamos reproducir las acústicas misteriosas de algunas iglesias castellanas ni el propio duende de estos órganos, pero impregnados de su espíritu procuramos honestamente expresarlo con calidad y calidez: rigor técnico y sensibilidad.</p>
<p><strong class="negrita">El Proyecto Clarín</strong> es una propuesta de nuestro taller para posibilitar un instrumento adecuado al estudio y la interpretación de la música ibérica para órgano en aquellos ámbitos donde se desarrolla esta disciplina y no se dispone de instrumentos de su estilo, confiando en que sus características, sus dimensiones y su coste y condiciones sean las mejores para el fin que se ha ideado.</p>
<div id="foto_secreto">
<p><img decoding="async" src="https://joaquinlois.com/proyectoclarin/wp-content/uploads/sites/4/2022/06/foto-correa.jpg" alt="Correa de Arauxo" width="100%" height="auto"></p>
<div class="piedefoto">Facultad Orgánica, Francisco Correa de Arauxo, 1626.)</div>
</div>
<p>Tordesillas septiembre de 2010.</p>

<p>Desde hace décadas la réplica de instrumentos históricos, viene siendo una herramienta fundamental para el estudio, la investigación y la interpretación de la música antigua. Desde nuestra experiencia y convivencia con los órganos barrocos castellanos queremos presentar un modelo de instrumento rigurosamente fiel al estilo de los que construyeron nuestros antepasados en los pueblos de [&hellip;]</p>

<!-- This site is optimized with the Yoast SEO plugin v27.3 - https://yoast.com/product/yoast-seo-wordpress/ -->
<title>El estílo - Proyecto Clarín</title>
<meta name="robots" content="noindex, follow, max-snippet:-1, max-image-preview:large, max-video-preview:-1" />
<meta property="og:locale" content="es_ES" />
<meta property="og:type" content="article" />
<meta property="og:title" content="El estílo - Proyecto Clarín" />
<meta property="og:description" content="Desde hace décadas la réplica de instrumentos históricos, viene siendo una herramienta fundamental para el estudio, la investigación y la interpretación de la música antigua. Desde nuestra experiencia y convivencia con los órganos barrocos castellanos queremos presentar un modelo de instrumento rigurosamente fiel al estilo de los que construyeron nuestros antepasados en los pueblos de [&hellip;]" />
<meta property="og:url" content="https://joaquinlois.com/proyectoclarin/el-estilo/" />
<meta property="og:site_name" content="Proyecto Clarín" />
<meta property="article:modified_time" content="2022-06-02T12:43:45+00:00" />
<meta property="og:image" content="https://joaquinlois.com/proyectoclarin/wp-content/uploads/sites/4/2022/06/foto_etiquetaregistros2.jpg" />
<meta name="twitter:card" content="summary_large_image" />
<meta name="twitter:label1" content="Tiempo de lectura" />
	<meta name="twitter:data1" content="4 minutos" />
<script type="application/ld+json" class="yoast-schema-graph">{"@context":"https:\/\/schema.org","@graph":[{"@type":"WebPage","@id":"https:\/\/joaquinlois.com\/proyectoclarin\/el-estilo\/","url":"https:\/\/joaquinlois.com\/proyectoclarin\/el-estilo\/","name":"El estílo - Proyecto Clarín","isPartOf":{"@id":"https:\/\/joaquinlois.com\/proyectoclarin\/#website"},"primaryImageOfPage":{"@id":"https:\/\/joaquinlois.com\/proyectoclarin\/el-estilo\/#primaryimage"},"image":{"@id":"https:\/\/joaquinlois.com\/proyectoclarin\/el-estilo\/#primaryimage"},"thumbnailUrl":"https:\/\/joaquinlois.com\/proyectoclarin\/wp-content\/uploads\/sites\/4\/2022\/06\/foto_etiquetaregistros2.jpg","datePublished":"2017-04-07T19:39:58+00:00","dateModified":"2022-06-02T12:43:45+00:00","inLanguage":"es","potentialAction":[{"@type":"ReadAction","target":["https:\/\/joaquinlois.com\/proyectoclarin\/el-estilo\/"]}]},{"@type":"ImageObject","inLanguage":"es","@id":"https:\/\/joaquinlois.com\/proyectoclarin\/el-estilo\/#primaryimage","url":"https:\/\/joaquinlois.com\/proyectoclarin\/wp-content\/uploads\/sites\/4\/2022\/06\/foto_etiquetaregistros2.jpg","contentUrl":"https:\/\/joaquinlois.com\/proyectoclarin\/wp-content\/uploads\/sites\/4\/2022\/06\/foto_etiquetaregistros2.jpg","width":300,"height":256},{"@type":"WebSite","@id":"https:\/\/joaquinlois.com\/proyectoclarin\/#website","url":"https:\/\/joaquinlois.com\/proyectoclarin\/","name":"Proyecto Clarín","description":"Un Órgano Barroco Castellano","potentialAction":[{"@type":"SearchAction","target":{"@type":"EntryPoint","urlTemplate":"https:\/\/joaquinlois.com\/proyectoclarin\/?s={search_term_string}"},"query-input":{"@type":"PropertyValueSpecification","valueRequired":true,"valueName":"search_term_string"}}],"inLanguage":"es"}]}</script>
<!-- / Yoast SEO plugin. -->

El estílo - Proyecto Clarín

Desde hace décadas la réplica de instrumentos históricos, viene siendo una herramienta fundamental para el estudio, la investigación y la interpretación de la música antigua. Desde nuestra experiencia y convivencia con los órganos barrocos castellanos queremos presentar un modelo de instrumento rigurosamente fiel al estilo de los que construyeron nuestros antepasados en los pueblos de [&hellip;]

Proyecto Clarín

Un Órgano Barroco Castellano
