{"id":2523,"date":"2018-03-21T13:42:22","date_gmt":"2018-03-21T13:42:22","guid":{"rendered":"https:\/\/www.joaquinlois.com\/organo-catedral-segovia\/?page_id=7"},"modified":"2022-04-08T13:26:40","modified_gmt":"2022-04-08T13:26:40","slug":"inicio","status":"publish","type":"page","link":"https:\/\/joaquinlois.com\/organo-catedral-segovia\/","title":{"rendered":"Inicio"},"content":{"rendered":"<p>En Febrero de 2018 empiezan los trabajos de restauraci\u00f3n del \u00f3rgano del Evangelio por el taller de organer\u00eda Joaqu\u00edn Lois<\/p>\n","protected":false},"excerpt":{"rendered":"<p>En Febrero de 2018 empiezan los trabajos de restauraci\u00f3n del \u00f3rgano del Evangelio por el taller de organer\u00eda Joaqu\u00edn Lois<\/p>\n","protected":false},"author":1,"featured_media":0,"parent":0,"menu_order":0,"comment_status":"closed","ping_status":"closed","template":"page-home.php","meta":{"_acf_changed":false,"footnotes":""},"class_list":["post-2523","page","type-page","status-publish","hentry"],"acf":[],"yoast_head":"<!-- This site is optimized with the Yoast SEO plugin v27.3 - https:\/\/yoast.com\/product\/yoast-seo-wordpress\/ -->\n<title>\u00d3rgano del Evangelio de la Catedral de Segovia | RESTAURACI\u00d3N<\/title>\n<meta name=\"description\" content=\"Seguimiento de todo el proceso de restauraci\u00f3n del instrumento, descripci\u00f3n y dem\u00e1s curiosidades. Por el taller de organer\u00eda de Joaqu\u00edn Lois\" \/>\n<meta name=\"robots\" content=\"index, follow, max-snippet:-1, max-image-preview:large, max-video-preview:-1\" \/>\n<link rel=\"canonical\" href=\"https:\/\/www.joaquinlois.com\/organo-catedral-segovia\/\" \/>\n<meta property=\"og:locale\" content=\"es_ES\" \/>\n<meta property=\"og:type\" content=\"article\" \/>\n<meta property=\"og:title\" content=\"Blog de la Restauraci\u00f3n del \u00d3rgano del Evangelio de la Catedral de Segovia\" \/>\n<meta property=\"og:description\" content=\"Seguimiento de todo el proceso de restauraci\u00f3n del instrumento, descripci\u00f3n y dem\u00e1s curiosidades. Taller de organer\u00eda de Joaqu\u00edn Lois\" \/>\n<meta property=\"og:url\" content=\"https:\/\/www.joaquinlois.com\/organo-catedral-segovia\/\" \/>\n<meta property=\"og:site_name\" content=\"\u00d3rgano del evangelio de la Catedral de Segovia\" \/>\n<meta property=\"article:modified_time\" content=\"2022-04-08T13:26:40+00:00\" \/>\n<meta property=\"og:image\" content=\"https:\/\/joaquinlois.com\/organo-catedral-segovia\/wp-content\/uploads\/sites\/2\/2018\/12\/organo-evangelio-catedral-segovia-2-1.jpg\" \/>\n<meta name=\"twitter:card\" content=\"summary_large_image\" \/>\n<script type=\"application\/ld+json\" class=\"yoast-schema-graph\">{\"@context\":\"https:\\\/\\\/schema.org\",\"@graph\":[{\"@type\":\"WebPage\",\"@id\":\"https:\\\/\\\/www.joaquinlois.com\\\/organo-catedral-segovia\\\/\",\"url\":\"https:\\\/\\\/www.joaquinlois.com\\\/organo-catedral-segovia\\\/\",\"name\":\"\u00d3rgano del Evangelio de la Catedral de Segovia | RESTAURACI\u00d3N\",\"isPartOf\":{\"@id\":\"https:\\\/\\\/joaquinlois.com\\\/organo-catedral-segovia\\\/#website\"},\"datePublished\":\"2018-03-21T13:42:22+00:00\",\"dateModified\":\"2022-04-08T13:26:40+00:00\",\"description\":\"Seguimiento de todo el proceso de restauraci\u00f3n del instrumento, descripci\u00f3n y dem\u00e1s curiosidades. Por el taller de organer\u00eda de Joaqu\u00edn Lois\",\"inLanguage\":\"es\",\"potentialAction\":[{\"@type\":\"ReadAction\",\"target\":[\"https:\\\/\\\/www.joaquinlois.com\\\/organo-catedral-segovia\\\/\"]}]},{\"@type\":\"WebSite\",\"@id\":\"https:\\\/\\\/joaquinlois.com\\\/organo-catedral-segovia\\\/#website\",\"url\":\"https:\\\/\\\/joaquinlois.com\\\/organo-catedral-segovia\\\/\",\"name\":\"\u00d3rgano del evangelio de la Catedral de Segovia\",\"description\":\"Restauraci\u00f3n realizada por el taller de organer\u00eda Joaqu\u00edn Lois\",\"potentialAction\":[{\"@type\":\"SearchAction\",\"target\":{\"@type\":\"EntryPoint\",\"urlTemplate\":\"https:\\\/\\\/joaquinlois.com\\\/organo-catedral-segovia\\\/?s={search_term_string}\"},\"query-input\":{\"@type\":\"PropertyValueSpecification\",\"valueRequired\":true,\"valueName\":\"search_term_string\"}}],\"inLanguage\":\"es\"}]}<\/script>\n<!-- \/ Yoast SEO plugin. -->","yoast_head_json":{"title":"\u00d3rgano del Evangelio de la Catedral de Segovia | RESTAURACI\u00d3N","description":"Seguimiento de todo el proceso de restauraci\u00f3n del instrumento, descripci\u00f3n y dem\u00e1s curiosidades. Por el taller de organer\u00eda de Joaqu\u00edn Lois","robots":{"index":"index","follow":"follow","max-snippet":"max-snippet:-1","max-image-preview":"max-image-preview:large","max-video-preview":"max-video-preview:-1"},"canonical":"https:\/\/www.joaquinlois.com\/organo-catedral-segovia\/","og_locale":"es_ES","og_type":"article","og_title":"Blog de la Restauraci\u00f3n del \u00d3rgano del Evangelio de la Catedral de Segovia","og_description":"Seguimiento de todo el proceso de restauraci\u00f3n del instrumento, descripci\u00f3n y dem\u00e1s curiosidades. Taller de organer\u00eda de Joaqu\u00edn Lois","og_url":"https:\/\/www.joaquinlois.com\/organo-catedral-segovia\/","og_site_name":"\u00d3rgano del evangelio de la Catedral de Segovia","article_modified_time":"2022-04-08T13:26:40+00:00","og_image":[{"url":"https:\/\/joaquinlois.com\/organo-catedral-segovia\/wp-content\/uploads\/sites\/2\/2018\/12\/organo-evangelio-catedral-segovia-2-1.jpg","type":"","width":"","height":""}],"twitter_card":"summary_large_image","schema":{"@context":"https:\/\/schema.org","@graph":[{"@type":"WebPage","@id":"https:\/\/www.joaquinlois.com\/organo-catedral-segovia\/","url":"https:\/\/www.joaquinlois.com\/organo-catedral-segovia\/","name":"\u00d3rgano del Evangelio de la Catedral de Segovia | RESTAURACI\u00d3N","isPartOf":{"@id":"https:\/\/joaquinlois.com\/organo-catedral-segovia\/#website"},"datePublished":"2018-03-21T13:42:22+00:00","dateModified":"2022-04-08T13:26:40+00:00","description":"Seguimiento de todo el proceso de restauraci\u00f3n del instrumento, descripci\u00f3n y dem\u00e1s curiosidades. Por el taller de organer\u00eda de Joaqu\u00edn Lois","inLanguage":"es","potentialAction":[{"@type":"ReadAction","target":["https:\/\/www.joaquinlois.com\/organo-catedral-segovia\/"]}]},{"@type":"WebSite","@id":"https:\/\/joaquinlois.com\/organo-catedral-segovia\/#website","url":"https:\/\/joaquinlois.com\/organo-catedral-segovia\/","name":"\u00d3rgano del evangelio de la Catedral de Segovia","description":"Restauraci\u00f3n realizada por el taller de organer\u00eda Joaqu\u00edn Lois","potentialAction":[{"@type":"SearchAction","target":{"@type":"EntryPoint","urlTemplate":"https:\/\/joaquinlois.com\/organo-catedral-segovia\/?s={search_term_string}"},"query-input":{"@type":"PropertyValueSpecification","valueRequired":true,"valueName":"search_term_string"}}],"inLanguage":"es"}]}},"jetpack_sharing_enabled":true,"_links":{"self":[{"href":"https:\/\/joaquinlois.com\/organo-catedral-segovia\/wp-json\/wp\/v2\/pages\/2523","targetHints":{"allow":["GET"]}}],"collection":[{"href":"https:\/\/joaquinlois.com\/organo-catedral-segovia\/wp-json\/wp\/v2\/pages"}],"about":[{"href":"https:\/\/joaquinlois.com\/organo-catedral-segovia\/wp-json\/wp\/v2\/types\/page"}],"author":[{"embeddable":true,"href":"https:\/\/joaquinlois.com\/organo-catedral-segovia\/wp-json\/wp\/v2\/users\/1"}],"replies":[{"embeddable":true,"href":"https:\/\/joaquinlois.com\/organo-catedral-segovia\/wp-json\/wp\/v2\/comments?post=2523"}],"version-history":[{"count":6,"href":"https:\/\/joaquinlois.com\/organo-catedral-segovia\/wp-json\/wp\/v2\/pages\/2523\/revisions"}],"predecessor-version":[{"id":2718,"href":"https:\/\/joaquinlois.com\/organo-catedral-segovia\/wp-json\/wp\/v2\/pages\/2523\/revisions\/2718"}],"wp:attachment":[{"href":"https:\/\/joaquinlois.com\/organo-catedral-segovia\/wp-json\/wp\/v2\/media?parent=2523"}],"curies":[{"name":"wp","href":"https:\/\/api.w.org\/{rel}","templated":true}]}}