{"id":2236,"date":"2021-12-07T14:07:13","date_gmt":"2021-12-07T14:07:13","guid":{"rendered":"https:\/\/joaquinlois.com\/organo-catedral-segovia\/wp-content\/uploads\/sites\/2\/2021\/12\/MG_2637.jpg"},"modified":"2021-12-07T14:07:13","modified_gmt":"2021-12-07T14:07:13","slug":"_mg_2637","status":"inherit","type":"attachment","link":"https:\/\/joaquinlois.com\/organo-catedral-segovia\/el-organo\/_mg_2637\/","title":{"rendered":"_MG_2637"},"author":1,"featured_media":0,"comment_status":"open","ping_status":"closed","template":"","meta":{"_acf_changed":false},"categories":[1],"class_list":["post-2236","attachment","type-attachment","status-inherit","hentry","category-sin-categoria"],"acf":[],"yoast_head":"<!-- This site is optimized with the Yoast SEO plugin v27.3 - https:\/\/yoast.com\/product\/yoast-seo-wordpress\/ -->\n<title>_MG_2637 - \u00d3rgano del evangelio de la Catedral de Segovia<\/title>\n<meta name=\"robots\" content=\"index, follow, max-snippet:-1, max-image-preview:large, max-video-preview:-1\" \/>\n<meta property=\"og:locale\" content=\"es_ES\" \/>\n<meta property=\"og:type\" content=\"article\" \/>\n<meta property=\"og:title\" content=\"_MG_2637 - \u00d3rgano del evangelio de la Catedral de Segovia\" \/>\n<meta property=\"og:description\" content=\"Reducci\u00f3n tradicional bajo el teclado y varillaje de empuje\" \/>\n<meta property=\"og:site_name\" content=\"\u00d3rgano del evangelio de la Catedral de Segovia\" \/>\n<meta property=\"og:image\" content=\"https:\/\/joaquinlois.com\/organo-catedral-segovia\/wp-content\/uploads\/sites\/2\/2021\/12\/MG_2637.jpg\" \/>\n\t<meta property=\"og:image:width\" content=\"1200\" \/>\n\t<meta property=\"og:image:height\" content=\"800\" \/>\n\t<meta property=\"og:image:type\" content=\"image\/jpeg\" \/>\n<meta name=\"twitter:card\" content=\"summary_large_image\" \/>\n<script type=\"application\/ld+json\" class=\"yoast-schema-graph\">{\"@context\":\"https:\\\/\\\/schema.org\",\"@graph\":[{\"@type\":\"WebPage\",\"@id\":null,\"url\":null,\"name\":\"_MG_2637 - \u00d3rgano del evangelio de la Catedral de Segovia\",\"isPartOf\":{\"@id\":\"https:\\\/\\\/joaquinlois.com\\\/organo-catedral-segovia\\\/#website\"},\"datePublished\":\"2021-12-07T14:07:13+00:00\",\"breadcrumb\":{\"@id\":\"#breadcrumb\"},\"inLanguage\":\"es\",\"potentialAction\":[{\"@type\":\"ReadAction\",\"target\":[null]}]},{\"@type\":\"BreadcrumbList\",\"@id\":\"#breadcrumb\",\"itemListElement\":[{\"@type\":\"ListItem\",\"position\":1,\"name\":\"El \u00d3rgano restaurado\",\"item\":\"https:\\\/\\\/www.joaquinlois.com\\\/organo-catedral-segovia\\\/el-organo\\\/\"},{\"@type\":\"ListItem\",\"position\":2,\"name\":\"_MG_2637\"}]},{\"@type\":\"WebSite\",\"@id\":\"https:\\\/\\\/joaquinlois.com\\\/organo-catedral-segovia\\\/#website\",\"url\":\"https:\\\/\\\/joaquinlois.com\\\/organo-catedral-segovia\\\/\",\"name\":\"\u00d3rgano del evangelio de la Catedral de Segovia\",\"description\":\"Restauraci\u00f3n realizada por el taller de organer\u00eda Joaqu\u00edn Lois\",\"potentialAction\":[{\"@type\":\"SearchAction\",\"target\":{\"@type\":\"EntryPoint\",\"urlTemplate\":\"https:\\\/\\\/joaquinlois.com\\\/organo-catedral-segovia\\\/?s={search_term_string}\"},\"query-input\":{\"@type\":\"PropertyValueSpecification\",\"valueRequired\":true,\"valueName\":\"search_term_string\"}}],\"inLanguage\":\"es\"}]}<\/script>\n<!-- \/ Yoast SEO plugin. -->","yoast_head_json":{"title":"_MG_2637 - \u00d3rgano del evangelio de la Catedral de Segovia","robots":{"index":"index","follow":"follow","max-snippet":"max-snippet:-1","max-image-preview":"max-image-preview:large","max-video-preview":"max-video-preview:-1"},"og_locale":"es_ES","og_type":"article","og_title":"_MG_2637 - \u00d3rgano del evangelio de la Catedral de Segovia","og_description":"Reducci\u00f3n tradicional bajo el teclado y varillaje de empuje","og_site_name":"\u00d3rgano del evangelio de la Catedral de Segovia","og_image":[{"width":1200,"height":800,"url":"https:\/\/joaquinlois.com\/organo-catedral-segovia\/wp-content\/uploads\/sites\/2\/2021\/12\/MG_2637.jpg","type":"image\/jpeg"}],"twitter_card":"summary_large_image","schema":{"@context":"https:\/\/schema.org","@graph":[{"@type":"WebPage","@id":null,"url":null,"name":"_MG_2637 - \u00d3rgano del evangelio de la Catedral de Segovia","isPartOf":{"@id":"https:\/\/joaquinlois.com\/organo-catedral-segovia\/#website"},"datePublished":"2021-12-07T14:07:13+00:00","breadcrumb":{"@id":"#breadcrumb"},"inLanguage":"es","potentialAction":[{"@type":"ReadAction","target":[null]}]},{"@type":"BreadcrumbList","@id":"#breadcrumb","itemListElement":[{"@type":"ListItem","position":1,"name":"El \u00d3rgano restaurado","item":"https:\/\/www.joaquinlois.com\/organo-catedral-segovia\/el-organo\/"},{"@type":"ListItem","position":2,"name":"_MG_2637"}]},{"@type":"WebSite","@id":"https:\/\/joaquinlois.com\/organo-catedral-segovia\/#website","url":"https:\/\/joaquinlois.com\/organo-catedral-segovia\/","name":"\u00d3rgano del evangelio de la Catedral de Segovia","description":"Restauraci\u00f3n realizada por el taller de organer\u00eda Joaqu\u00edn Lois","potentialAction":[{"@type":"SearchAction","target":{"@type":"EntryPoint","urlTemplate":"https:\/\/joaquinlois.com\/organo-catedral-segovia\/?s={search_term_string}"},"query-input":{"@type":"PropertyValueSpecification","valueRequired":true,"valueName":"search_term_string"}}],"inLanguage":"es"}]}},"jetpack_sharing_enabled":true,"description":{"rendered":"<p class=\"attachment\"><a href='https:\/\/joaquinlois.com\/organo-catedral-segovia\/wp-content\/uploads\/sites\/2\/2021\/12\/MG_2637.jpg'><img loading=\"lazy\" decoding=\"async\" width=\"300\" height=\"200\" src=\"https:\/\/joaquinlois.com\/organo-catedral-segovia\/wp-content\/uploads\/sites\/2\/2021\/12\/MG_2637-300x200.jpg\" class=\"attachment-medium size-medium\" alt=\"\" srcset=\"https:\/\/joaquinlois.com\/organo-catedral-segovia\/wp-content\/uploads\/sites\/2\/2021\/12\/MG_2637-300x200.jpg 300w, https:\/\/joaquinlois.com\/organo-catedral-segovia\/wp-content\/uploads\/sites\/2\/2021\/12\/MG_2637-1024x683.jpg 1024w, https:\/\/joaquinlois.com\/organo-catedral-segovia\/wp-content\/uploads\/sites\/2\/2021\/12\/MG_2637-768x512.jpg 768w, https:\/\/joaquinlois.com\/organo-catedral-segovia\/wp-content\/uploads\/sites\/2\/2021\/12\/MG_2637.jpg 1200w\" sizes=\"auto, (max-width: 300px) 100vw, 300px\" \/><\/a><\/p>\n"},"caption":{"rendered":"<p>Reducci\u00f3n tradicional bajo el teclado y varillaje de empuje<\/p>\n"},"alt_text":"","media_type":"image","mime_type":"image\/jpeg","media_details":{"width":1200,"height":800,"file":"2021\/12\/MG_2637.jpg","sizes":{"medium":{"file":"MG_2637-300x200.jpg","width":300,"height":200,"mime_type":"image\/jpeg","source_url":"https:\/\/joaquinlois.com\/organo-catedral-segovia\/wp-content\/uploads\/sites\/2\/2021\/12\/MG_2637-300x200.jpg"},"large":{"file":"MG_2637-1024x683.jpg","width":1024,"height":683,"mime_type":"image\/jpeg","source_url":"https:\/\/joaquinlois.com\/organo-catedral-segovia\/wp-content\/uploads\/sites\/2\/2021\/12\/MG_2637-1024x683.jpg"},"thumbnail":{"file":"MG_2637-150x150.jpg","width":150,"height":150,"mime_type":"image\/jpeg","source_url":"https:\/\/joaquinlois.com\/organo-catedral-segovia\/wp-content\/uploads\/sites\/2\/2021\/12\/MG_2637-150x150.jpg"},"medium_large":{"file":"MG_2637-768x512.jpg","width":768,"height":512,"mime_type":"image\/jpeg","source_url":"https:\/\/joaquinlois.com\/organo-catedral-segovia\/wp-content\/uploads\/sites\/2\/2021\/12\/MG_2637-768x512.jpg"},"square":{"file":"MG_2637-400x400.jpg","width":400,"height":400,"mime_type":"image\/jpeg","source_url":"https:\/\/joaquinlois.com\/organo-catedral-segovia\/wp-content\/uploads\/sites\/2\/2021\/12\/MG_2637-400x400.jpg"},"full":{"file":"MG_2637.jpg","width":1200,"height":800,"mime_type":"image\/jpeg","source_url":"https:\/\/joaquinlois.com\/organo-catedral-segovia\/wp-content\/uploads\/sites\/2\/2021\/12\/MG_2637.jpg"}},"image_meta":{"aperture":"0","credit":"","camera":"","caption":"","created_timestamp":"0","copyright":"","focal_length":"0","iso":"0","shutter_speed":"0","title":"","orientation":"0","keywords":[],"lens":""}},"post":2529,"source_url":"https:\/\/joaquinlois.com\/organo-catedral-segovia\/wp-content\/uploads\/sites\/2\/2021\/12\/MG_2637.jpg","_links":{"self":[{"href":"https:\/\/joaquinlois.com\/organo-catedral-segovia\/wp-json\/wp\/v2\/media\/2236","targetHints":{"allow":["GET"]}}],"collection":[{"href":"https:\/\/joaquinlois.com\/organo-catedral-segovia\/wp-json\/wp\/v2\/media"}],"about":[{"href":"https:\/\/joaquinlois.com\/organo-catedral-segovia\/wp-json\/wp\/v2\/types\/attachment"}],"author":[{"embeddable":true,"href":"https:\/\/joaquinlois.com\/organo-catedral-segovia\/wp-json\/wp\/v2\/users\/1"}],"replies":[{"embeddable":true,"href":"https:\/\/joaquinlois.com\/organo-catedral-segovia\/wp-json\/wp\/v2\/comments?post=2236"}],"wp:term":[{"taxonomy":"category","embeddable":true,"href":"https:\/\/joaquinlois.com\/organo-catedral-segovia\/wp-json\/wp\/v2\/categories?post=2236"}],"wp:attached-to":[{"embeddable":true,"post_type":"page","id":2529,"href":"https:\/\/joaquinlois.com\/organo-catedral-segovia\/wp-json\/wp\/v2\/pages\/2529"}],"curies":[{"name":"wp","href":"https:\/\/api.w.org\/{rel}","templated":true}]}}

<!-- This site is optimized with the Yoast SEO plugin v27.3 - https://yoast.com/product/yoast-seo-wordpress/ -->
<title>_MG_2637 - Órgano del evangelio de la Catedral de Segovia</title>
<meta name="robots" content="index, follow, max-snippet:-1, max-image-preview:large, max-video-preview:-1" />
<meta property="og:locale" content="es_ES" />
<meta property="og:type" content="article" />
<meta property="og:title" content="_MG_2637 - Órgano del evangelio de la Catedral de Segovia" />
<meta property="og:description" content="Reducción tradicional bajo el teclado y varillaje de empuje" />
<meta property="og:site_name" content="Órgano del evangelio de la Catedral de Segovia" />
<meta property="og:image" content="https://joaquinlois.com/organo-catedral-segovia/wp-content/uploads/sites/2/2021/12/MG_2637.jpg" />
	<meta property="og:image:width" content="1200" />
	<meta property="og:image:height" content="800" />
	<meta property="og:image:type" content="image/jpeg" />
<meta name="twitter:card" content="summary_large_image" />
<script type="application/ld+json" class="yoast-schema-graph">{"@context":"https:\/\/schema.org","@graph":[{"@type":"WebPage","@id":null,"url":null,"name":"_MG_2637 - Órgano del evangelio de la Catedral de Segovia","isPartOf":{"@id":"https:\/\/joaquinlois.com\/organo-catedral-segovia\/#website"},"datePublished":"2021-12-07T14:07:13+00:00","breadcrumb":{"@id":"#breadcrumb"},"inLanguage":"es","potentialAction":[{"@type":"ReadAction","target":[null]}]},{"@type":"BreadcrumbList","@id":"#breadcrumb","itemListElement":[{"@type":"ListItem","position":1,"name":"El Órgano restaurado","item":"https:\/\/www.joaquinlois.com\/organo-catedral-segovia\/el-organo\/"},{"@type":"ListItem","position":2,"name":"_MG_2637"}]},{"@type":"WebSite","@id":"https:\/\/joaquinlois.com\/organo-catedral-segovia\/#website","url":"https:\/\/joaquinlois.com\/organo-catedral-segovia\/","name":"Órgano del evangelio de la Catedral de Segovia","description":"Restauración realizada por el taller de organería Joaquín Lois","potentialAction":[{"@type":"SearchAction","target":{"@type":"EntryPoint","urlTemplate":"https:\/\/joaquinlois.com\/organo-catedral-segovia\/?s={search_term_string}"},"query-input":{"@type":"PropertyValueSpecification","valueRequired":true,"valueName":"search_term_string"}}],"inLanguage":"es"}]}</script>
<!-- / Yoast SEO plugin. -->

_MG_2637 - Órgano del evangelio de la Catedral de Segovia

Reducción tradicional bajo el teclado y varillaje de empuje

Órgano del evangelio de la Catedral de Segovia

El Órgano restaurado

Restauración realizada por el taller de organería Joaquín Lois

<p>Reducción tradicional bajo el teclado y varillaje de empuje</p>
